{"id":29346,"date":"2026-04-17T09:35:12","date_gmt":"2026-04-17T14:35:12","guid":{"rendered":"https:\/\/new.gmn.com.co\/?post_type=product&#038;p=29346"},"modified":"2026-04-17T09:35:52","modified_gmt":"2026-04-17T14:35:52","slug":"nitro-mass-5-lb","status":"publish","type":"product","link":"https:\/\/new.gmn.com.co\/index.php\/producto\/nitro-mass-5-lb\/","title":{"rendered":"Nitro Mass 5 Lb"},"content":{"rendered":"<p>Cada porci\u00f3n preparada de <strong>NITRO MASS<\/strong> te aporta:<br \/>\n32 g.<br \/>\n293 calor\u00edas.<br \/>\n35 g carbohidratos.<\/p>\n<p><strong>Tama\u00f1o por porci\u00f3n:<\/strong> 80 g.<\/p>\n<p><strong>N\u00famero de porciones por envase:<\/strong> Aprox 28.<\/p>\n<p><strong>Contiene:<\/strong> Leche (lactosa), soya, huevo y cereales con gluten. Puede contener trazas de trigo, apio, mostaza, sulfitos, nueces de \u00e1rbol y productos derivados, as\u00ed como pescados y productos elaborados con ellos.<\/p>\n<p><strong>Preparaci\u00f3n:<\/strong> Cada porci\u00f3n de <strong>NITRO MASS<\/strong> equivale a 2 cucharas medidoras (80 g), las cuales deben reconstruirse en 480 ml de agua.<\/p>\n<p><strong>Registro Sanitario. RSA-002405-2016<\/strong><\/p>\n","protected":false},"excerpt":{"rendered":"<p>Mezcla en polvo a base de prote\u00edna aislada de suero de leche para preparar bebida, sin colorantes adicionados, sin az\u00facar a\u00f1adido y sin conservantes con avena molida, almid\u00f3n de ma\u00edz ceroso (amilopectrina), palatinosa, harina de arroz, harina de quinua y MCT (triglic\u00e9ridos de cadena media), con sabor artificial a vainilla gourmet.<\/p>\n","protected":false},"featured_media":29464,"comment_status":"closed","ping_status":"closed","template":"","meta":[],"product_brand":[],"product_cat":[128],"product_tag":[131],"class_list":{"0":"post-29346","1":"product","2":"type-product","3":"status-publish","4":"has-post-thumbnail","6":"product_cat-proteinas","7":"product_tag-destacados","9":"first","10":"instock","11":"featured","12":"shipping-taxable","13":"purchasable","14":"product-type-simple"},"_links":{"self":[{"href":"https:\/\/new.gmn.com.co\/index.php\/wp-json\/wp\/v2\/product\/29346","targetHints":{"allow":["GET"]}}],"collection":[{"href":"https:\/\/new.gmn.com.co\/index.php\/wp-json\/wp\/v2\/product"}],"about":[{"href":"https:\/\/new.gmn.com.co\/index.php\/wp-json\/wp\/v2\/types\/product"}],"replies":[{"embeddable":true,"href":"https:\/\/new.gmn.com.co\/index.php\/wp-json\/wp\/v2\/comments?post=29346"}],"version-history":[{"count":1,"href":"https:\/\/new.gmn.com.co\/index.php\/wp-json\/wp\/v2\/product\/29346\/revisions"}],"predecessor-version":[{"id":29465,"href":"https:\/\/new.gmn.com.co\/index.php\/wp-json\/wp\/v2\/product\/29346\/revisions\/29465"}],"wp:featuredmedia":[{"embeddable":true,"href":"https:\/\/new.gmn.com.co\/index.php\/wp-json\/wp\/v2\/media\/29464"}],"wp:attachment":[{"href":"https:\/\/new.gmn.com.co\/index.php\/wp-json\/wp\/v2\/media?parent=29346"}],"wp:term":[{"taxonomy":"product_brand","embeddable":true,"href":"https:\/\/new.gmn.com.co\/index.php\/wp-json\/wp\/v2\/product_brand?post=29346"},{"taxonomy":"product_cat","embeddable":true,"href":"https:\/\/new.gmn.com.co\/index.php\/wp-json\/wp\/v2\/product_cat?post=29346"},{"taxonomy":"product_tag","embeddable":true,"href":"https:\/\/new.gmn.com.co\/index.php\/wp-json\/wp\/v2\/product_tag?post=29346"}],"curies":[{"name":"wp","href":"https:\/\/api.w.org\/{rel}","templated":true}]}}