{"id":29246,"date":"2026-04-17T09:34:12","date_gmt":"2026-04-17T14:34:12","guid":{"rendered":"https:\/\/new.gmn.com.co\/?post_type=product&#038;p=29246"},"modified":"2026-04-17T09:34:27","modified_gmt":"2026-04-17T14:34:27","slug":"body-ripped-2-lb","status":"publish","type":"product","link":"https:\/\/new.gmn.com.co\/index.php\/producto\/body-ripped-2-lb\/","title":{"rendered":"Body Ripped 2 lb"},"content":{"rendered":"<p>Cada porci\u00f3n preparada de <strong>BODY RIPPED<\/strong> te aporta:<br \/>\n\u2022 20 g de prote\u00edna<br \/>\n\u2022 166 calor\u00edas<br \/>\n\u2022 19 g de carbohidratos<\/p>\n<p><strong>Tama\u00f1o por porci\u00f3n:<\/strong> 1 vaso equivalente a 240 ml (1.5 cucharas medidoras equivalentes a 45 g)<\/p>\n<p><strong>N\u00famero de porciones por envase<\/strong>: Aprox. 20<br \/>\n<strong>Contiene:<\/strong> Leche (lactosa), soya, huevo y cereales con gluten.<br \/>\n<strong>Puede contener:<\/strong> trazas de trigo, apio, mostaza, sulfitos, nueces de \u00e1rbol y productos derivados, as\u00ed como pescados y productos elaborados con ellos.<\/p>\n<p><strong>Preparaci\u00f3n: <\/strong>Cada porci\u00f3n de <strong>BODY RIPPED<\/strong> equivale a 1,5 cucharadas medidoras (45 g) que se recomienda diluir en 1 vaso con agua (240 ml).<\/p>\n<p><strong>Registro Sanitario: RSA-002405-2016<\/strong><\/p>\n","protected":false},"excerpt":{"rendered":"<p data-start=\"382\" data-end=\"667\"><strong>Body Ripped<\/strong> es una mezcla en polvo dise\u00f1ada para preparar una bebida con prote\u00edna, combinada con fuentes de carbohidratos y l\u00edpidos como avena molida, harina de arroz, almid\u00f3n de ma\u00edz ceroso (amilopectina) y MCT (triglic\u00e9ridos de cadena media), con sabor artificial a vainilla gourmet.<\/p>\n<p data-start=\"669\" data-end=\"736\">No contiene colorantes adicionados, az\u00facar a\u00f1adido ni conservantes.<\/p>\n","protected":false},"featured_media":29294,"comment_status":"closed","ping_status":"closed","template":"","meta":[],"product_brand":[],"product_cat":[128],"product_tag":[134,135,136,137,138,139,140,141,142],"class_list":{"0":"post-29246","1":"product","2":"type-product","3":"status-publish","4":"has-post-thumbnail","6":"product_cat-proteinas","7":"product_tag-avena-en-polvo","8":"product_tag-mct","9":"product_tag-nutricion-deportiva","10":"product_tag-proteina-aislada","11":"product_tag-proteina-con-carbohidratos","12":"product_tag-proteina-vainilla","13":"product_tag-proteina-whey","14":"product_tag-suplemento-deportivo","15":"product_tag-suplementos-gmn","17":"first","18":"instock","19":"shipping-taxable","20":"purchasable","21":"product-type-simple"},"_links":{"self":[{"href":"https:\/\/new.gmn.com.co\/index.php\/wp-json\/wp\/v2\/product\/29246","targetHints":{"allow":["GET"]}}],"collection":[{"href":"https:\/\/new.gmn.com.co\/index.php\/wp-json\/wp\/v2\/product"}],"about":[{"href":"https:\/\/new.gmn.com.co\/index.php\/wp-json\/wp\/v2\/types\/product"}],"replies":[{"embeddable":true,"href":"https:\/\/new.gmn.com.co\/index.php\/wp-json\/wp\/v2\/comments?post=29246"}],"version-history":[{"count":1,"href":"https:\/\/new.gmn.com.co\/index.php\/wp-json\/wp\/v2\/product\/29246\/revisions"}],"predecessor-version":[{"id":29295,"href":"https:\/\/new.gmn.com.co\/index.php\/wp-json\/wp\/v2\/product\/29246\/revisions\/29295"}],"wp:featuredmedia":[{"embeddable":true,"href":"https:\/\/new.gmn.com.co\/index.php\/wp-json\/wp\/v2\/media\/29294"}],"wp:attachment":[{"href":"https:\/\/new.gmn.com.co\/index.php\/wp-json\/wp\/v2\/media?parent=29246"}],"wp:term":[{"taxonomy":"product_brand","embeddable":true,"href":"https:\/\/new.gmn.com.co\/index.php\/wp-json\/wp\/v2\/product_brand?post=29246"},{"taxonomy":"product_cat","embeddable":true,"href":"https:\/\/new.gmn.com.co\/index.php\/wp-json\/wp\/v2\/product_cat?post=29246"},{"taxonomy":"product_tag","embeddable":true,"href":"https:\/\/new.gmn.com.co\/index.php\/wp-json\/wp\/v2\/product_tag?post=29246"}],"curies":[{"name":"wp","href":"https:\/\/api.w.org\/{rel}","templated":true}]}}